{"id":1068,"date":"2024-05-15T06:43:11","date_gmt":"2024-05-15T06:43:11","guid":{"rendered":"https:\/\/www.testowe.org.pl\/?page_id=1068"},"modified":"2024-05-17T10:18:49","modified_gmt":"2024-05-17T10:18:49","slug":"oczyszczalnia-sciekow","status":"publish","type":"page","link":"https:\/\/zk-suchab.pl\/index.php\/oczyszczalnia-sciekow\/","title":{"rendered":"Oczyszczalnia \u015aciek\u00f3w"},"content":{"rendered":"<h3><strong><span style=\"font-family: tahoma, arial, helvetica, sans-serif; color: #000000;\">Kierownik Oczyszczalni \u015aciek\u00f3w<\/span><\/strong><\/h3>\n<h3><strong><span style=\"font-family: tahoma, arial, helvetica, sans-serif; color: #000000;\">Maciej S\u0119czak<\/span><\/strong><\/h3>\n<p><span style=\"color: #000000; font-size: 14pt; font-family: tahoma, arial, helvetica, sans-serif;\"><span class=\"contact-street\">ul. Wadowicka 4<br \/>\n<\/span><span class=\"contact-suburb\">34-200 Sucha Beskidzka<br \/>\n<\/span><span class=\"contact-postcode\"><br \/>\n<\/span><span class=\"contact-emailto\"><span id=\"cloak8c8f72d254cb452863c6fd7b57590cc2\">E-mail: oczyszczalnia@zk-suchab.pl<br \/>\n<\/span><\/span><span class=\"jicons-icons\"><br \/>\nTelefony:<br \/>\n<span class=\"contact-mobile\">Dyspozytornia\u00a0 33 874 15 56<\/span><br \/>\n<\/span><span class=\"contact-telephone\">Kierownik\u00a0 \u00a0 \u00a0 \u00a0 33 874 20 79 wewn. 222<\/span><\/span><span class=\"jicons-icons\"><br \/>\n<\/span><\/p>\n","protected":false},"excerpt":{"rendered":"<p>Kierownik Oczyszczalni \u015aciek\u00f3w Maciej S\u0119czak ul. Wadowicka 4 34-200 Sucha Beskidzka E-mail: oczyszczalnia@zk-suchab.pl Telefony: Dyspozytornia\u00a0 33 874 15 56 Kierownik\u00a0 \u00a0 \u00a0 \u00a0 33 874 20 79 wewn. 222<\/p>\n","protected":false},"author":1,"featured_media":0,"parent":0,"menu_order":0,"comment_status":"closed","ping_status":"closed","template":"","meta":{"footnotes":""},"class_list":["post-1068","page","type-page","status-publish","hentry","post"],"_links":{"self":[{"href":"https:\/\/zk-suchab.pl\/index.php\/wp-json\/wp\/v2\/pages\/1068","targetHints":{"allow":["GET"]}}],"collection":[{"href":"https:\/\/zk-suchab.pl\/index.php\/wp-json\/wp\/v2\/pages"}],"about":[{"href":"https:\/\/zk-suchab.pl\/index.php\/wp-json\/wp\/v2\/types\/page"}],"author":[{"embeddable":true,"href":"https:\/\/zk-suchab.pl\/index.php\/wp-json\/wp\/v2\/users\/1"}],"replies":[{"embeddable":true,"href":"https:\/\/zk-suchab.pl\/index.php\/wp-json\/wp\/v2\/comments?post=1068"}],"version-history":[{"count":7,"href":"https:\/\/zk-suchab.pl\/index.php\/wp-json\/wp\/v2\/pages\/1068\/revisions"}],"predecessor-version":[{"id":1383,"href":"https:\/\/zk-suchab.pl\/index.php\/wp-json\/wp\/v2\/pages\/1068\/revisions\/1383"}],"wp:attachment":[{"href":"https:\/\/zk-suchab.pl\/index.php\/wp-json\/wp\/v2\/media?parent=1068"}],"curies":[{"name":"wp","href":"https:\/\/api.w.org\/{rel}","templated":true}]}}