{"id":1256,"date":"2024-05-15T09:56:21","date_gmt":"2024-05-15T09:56:21","guid":{"rendered":"https:\/\/www.testowe.org.pl\/?page_id=1256"},"modified":"2024-05-15T09:58:29","modified_gmt":"2024-05-15T09:58:29","slug":"wodociagi-i-stacja-uzdatniania-wody","status":"publish","type":"page","link":"https:\/\/zk-suchab.pl\/index.php\/wodociagi-i-stacja-uzdatniania-wody\/","title":{"rendered":"Wodoci\u0105gi i Stacja Uzdatniania Wody"},"content":{"rendered":"<h3><span style=\"font-family: tahoma, arial, helvetica, sans-serif; color: #000000;\"><strong>Kierownik mgr in\u017c. Miros\u0142aw \u0106wi\u0119ka\u0142a<\/strong><\/span><\/h3>\n<p><span style=\"font-family: tahoma, arial, helvetica, sans-serif; font-size: 14pt; color: #000000;\"><span class=\"contact-street\">ul. Za wod\u0105 37<br \/>\n<\/span><span class=\"contact-suburb\">34-200 Sucha Beskidzka<br \/>\n<\/span><span class=\"contact-postcode\"><br \/>\n<\/span><span class=\"contact-emailto\"><span id=\"cloak86d4a947433de759a153fdba631419cf\">E-mail: wodociagi@zk-suchab.pl<\/span><\/span><span class=\"jicons-icons\"><br \/>\nTelefon: <\/span><span class=\"contact-telephone\">33 874 58 10<\/span><\/span><\/p>\n","protected":false},"excerpt":{"rendered":"<p>Kierownik mgr in\u017c. Miros\u0142aw \u0106wi\u0119ka\u0142a ul. Za wod\u0105 37 34-200 Sucha Beskidzka E-mail: wodociagi@zk-suchab.pl Telefon: 33 874 58 10<\/p>\n","protected":false},"author":1,"featured_media":0,"parent":0,"menu_order":0,"comment_status":"closed","ping_status":"closed","template":"","meta":{"footnotes":""},"class_list":["post-1256","page","type-page","status-publish","hentry","post"],"_links":{"self":[{"href":"https:\/\/zk-suchab.pl\/index.php\/wp-json\/wp\/v2\/pages\/1256","targetHints":{"allow":["GET"]}}],"collection":[{"href":"https:\/\/zk-suchab.pl\/index.php\/wp-json\/wp\/v2\/pages"}],"about":[{"href":"https:\/\/zk-suchab.pl\/index.php\/wp-json\/wp\/v2\/types\/page"}],"author":[{"embeddable":true,"href":"https:\/\/zk-suchab.pl\/index.php\/wp-json\/wp\/v2\/users\/1"}],"replies":[{"embeddable":true,"href":"https:\/\/zk-suchab.pl\/index.php\/wp-json\/wp\/v2\/comments?post=1256"}],"version-history":[{"count":3,"href":"https:\/\/zk-suchab.pl\/index.php\/wp-json\/wp\/v2\/pages\/1256\/revisions"}],"predecessor-version":[{"id":1260,"href":"https:\/\/zk-suchab.pl\/index.php\/wp-json\/wp\/v2\/pages\/1256\/revisions\/1260"}],"wp:attachment":[{"href":"https:\/\/zk-suchab.pl\/index.php\/wp-json\/wp\/v2\/media?parent=1256"}],"curies":[{"name":"wp","href":"https:\/\/api.w.org\/{rel}","templated":true}]}}