{"id":155,"date":"2014-03-14T12:55:29","date_gmt":"2014-03-14T12:55:29","guid":{"rendered":"https:\/\/www.testowe.org.pl\/index.php\/uslugi-komunalne\/"},"modified":"2024-05-08T17:46:36","modified_gmt":"2024-05-08T17:46:36","slug":"uslugi-komunalne","status":"publish","type":"page","link":"https:\/\/zk-suchab.pl\/index.php\/uslugi-komunalne\/","title":{"rendered":"Us\u0142ugi komunalne"},"content":{"rendered":"<p><strong><span style=\"font-family: tahoma, arial, helvetica, sans-serif; color: #000000;\"><span style=\"font-size: 12pt;\">Dzia\u0142 Us\u0142ug Komunalnych powsta\u0142 w roku 2004 w wyniku po\u0142\u0105czenia dw\u00f3ch dzia\u0142\u00f3w:<\/span><\/span><\/strong><\/p>\n<p><strong><span style=\"font-family: tahoma, arial, helvetica, sans-serif; color: #000000;\"><span style=\"font-size: 12pt;\">Zak\u0142adu S\u0142u\u017cby Drogowej i <\/span><span style=\"font-size: 12pt;\">Zak\u0142adu Oczyszczania Miasta.<\/span><\/span><\/strong><\/p>\n<p><img loading=\"lazy\" decoding=\"async\" class=\" size-full wp-image-152\" src=\"https:\/\/zk-suchab.pl\/wp-content\/uploads\/2014\/03\/Przed-zakladem-10.2018-2c6.JPG\" alt=\"Przed zakladem 10.2018\" width=\"950\" height=\"511\" \/><\/p>\n<p>&nbsp;<\/p>\n<p><strong><span style=\"font-size: 12pt; font-family: tahoma, arial, helvetica, sans-serif; color: #000000;\">Dzia\u0142y te istnia\u0142y od momentu powstania Zak\u0142adu, czyli od roku 1969. Zakres zada\u0144 niewiele si\u0119<\/span><\/strong><\/p>\n<p><strong><span style=\"font-size: 12pt; font-family: tahoma, arial, helvetica, sans-serif; color: #000000;\"> zmieni\u0142 i nadal nale\u017cy do nich:<\/span><\/strong><\/p>\n<p><strong><span style=\"font-size: 12pt; font-family: tahoma, arial, helvetica, sans-serif; color: #000000;\">* zbi\u00f3r i transport nieczysto\u015bci sta\u0142ych od gospodarstw domowych i podmiot\u00f3w gospodarczych<\/span><\/strong><\/p>\n<p><strong><span style=\"font-size: 12pt; font-family: tahoma, arial, helvetica, sans-serif; color: #000000;\">* transport nieczysto\u015bci sta\u0142ych w kontenerach KP-7<img loading=\"lazy\" decoding=\"async\" class=\" alignright size-full wp-image-153\" src=\"https:\/\/zk-suchab.pl\/wp-content\/uploads\/2014\/03\/smieciarka-bae.JPG\" alt=\"smieciarka\" width=\"407\" height=\"301\" style=\"float: right;\" \/><\/span><\/strong><\/p>\n<p><strong><span style=\"font-size: 12pt; font-family: tahoma, arial, helvetica, sans-serif; color: #000000;\">* roboty drogowe, takie jak:<\/span><\/strong><\/p>\n<p><strong><span style=\"font-size: 12pt; font-family: tahoma, arial, helvetica, sans-serif; color: #000000;\">&#8211; remonty dr\u00f3g &#8211; cz\u0105stkowe i ca\u0142o\u015bciowe<\/span><\/strong><\/p>\n<p><strong><span style=\"font-size: 12pt; font-family: tahoma, arial, helvetica, sans-serif; color: #000000;\">&#8211; wykonywanie kompleksowe chodnik\u00f3w, parking\u00f3w, plac\u00f3w itp. z kostki brukowej wraz z podbudow\u0105<\/span><\/strong><\/p>\n<p><strong><span style=\"font-size: 12pt; font-family: tahoma, arial, helvetica, sans-serif; color: #000000;\">&#8211; wykonywanie oraz naprawa przepust\u00f3w drogowych<\/span><\/strong><\/p>\n<p><strong><span style=\"font-size: 12pt; font-family: tahoma, arial, helvetica, sans-serif; color: #000000;\">&#8211; wykopy mechaniczne obiekt\u00f3w oraz \u0142aw fundamentowych dla budownictwa mieszkaniowego<\/span><\/strong><\/p>\n<p><strong><span style=\"font-size: 12pt; font-family: tahoma, arial, helvetica, sans-serif; color: #000000;\">* prowadzenie zimowego utrzymania dr\u00f3g gminnych, parking\u00f3w, plac\u00f3w zak\u0142adowych itp.<\/span><\/strong><\/p>\n<p><strong><span style=\"font-size: 12pt; font-family: tahoma, arial, helvetica, sans-serif; color: #000000;\">* utrzymanie w czysto\u015bci dr\u00f3g miejskich<\/span><\/strong><\/p>\n<p><strong><span style=\"font-size: 12pt; font-family: tahoma, arial, helvetica, sans-serif; color: #000000;\">* wykaszanie row\u00f3w przydro\u017cnych<\/span><\/strong><\/p>\n<p><span style=\"font-size: 12pt; font-family: 'arial black', 'avant garde'; color: #000000;\"><img loading=\"lazy\" decoding=\"async\" class=\" alignleft size-full wp-image-154\" src=\"https:\/\/zk-suchab.pl\/wp-content\/uploads\/2014\/03\/man-6f4.jpg\" alt=\"man\" width=\"604\" height=\"453\" style=\"float: left;\" srcset=\"https:\/\/zk-suchab.pl\/wp-content\/uploads\/2014\/03\/man-6f4.jpg 640w, https:\/\/zk-suchab.pl\/wp-content\/uploads\/2014\/03\/man-6f4-300x225.jpg 300w\" sizes=\"auto, (max-width: 604px) 100vw, 604px\" \/>&nbsp;<\/span><\/p>\n<p><span style=\"font-size: 12pt; font-family: 'arial black', 'avant garde'; color: #000000;\">&nbsp; <\/span><\/p>\n<p>&nbsp;<\/p>\n<p>&nbsp;<\/p>\n<p>&nbsp;<\/p>\n<p>&nbsp;<\/p>\n<p>&nbsp;<\/p>\n<p>&nbsp;<\/p>\n<p>&nbsp;<\/p>\n<p>&nbsp;<\/p>\n<p>&nbsp;<\/p>\n<p>&nbsp;<\/p>\n<p>&nbsp;<\/p>\n<p>&nbsp;<\/p>\n<p>&nbsp;<\/p>\n<p>&nbsp;<\/p>\n<p><strong><span style=\"font-family: tahoma, arial, helvetica, sans-serif; font-size: 12pt;\"><span style=\"color: #000000;\">Zmieni\u0142y si\u0119 natomiast metody pracy, tak by by\u0142a &nbsp;<\/span><span style=\"color: #000000;\">ona efektywniejsza. W przeci\u0105gu kilku lat wymieniono r\u00f3wnie\u017c stary <\/span><span style=\"color: #000000;\">tabor na nowy. Mi\u0119dzy innymi zakupiono ci\u0105gnik, kopark\u0119 Fiat, <\/span><span style=\"color: #000000;\">samoch\u00f3d ci\u0119\u017carowy Man, oraz samoch\u00f3d Daf &#8211; \u015bmieciarka <\/span><span style=\"color: #000000;\">przystosowany do wywozu odpad\u00f3w w pojemnikach. <\/span><span style=\"color: #000000;\">Samoch\u00f3d specjalny Daf-\u015bmieciarka wyposa\u017cony <\/span><span style=\"color: #000000;\">jest w automatyczn\u0105 wag\u0119. Jeste\u015bmy pierwszym Zak\u0142adem w <\/span><span style=\"color: #000000;\">okolicy, kt\u00f3ry zastosowa\u0142 kilogramowe rozliczenie oddawanych <\/span><span style=\"color: #000000;\">odpad\u00f3w od gospodarstw domowych i podmiot\u00f3w. <\/span><span style=\"color: #000000;\">gospodarczych. Dodatkowo zakupili\u015bmy: minikopark\u0119 Takeuchi, <\/span><span style=\"color: #000000;\">kosiark\u0119 bijakow\u0105 instalowan\u0105 do ci\u0105gnika Zetor oraz r\u0119bak do ga\u0142\u0119zi nap\u0119dzany wa\u0142kiem z ci\u0105gnika. Tym samym, <\/span><span style=\"color: #000000;\">poszerzyli\u015bmy wachlarz \u015bwiadczonych us\u0142ug.<\/span><\/span><\/strong><\/p>\n","protected":false},"excerpt":{"rendered":"<p>Dzia\u0142 Us\u0142ug Komunalnych powsta\u0142 w roku 2004 w wyniku po\u0142\u0105czenia dw\u00f3ch dzia\u0142\u00f3w: Zak\u0142adu S\u0142u\u017cby Drogowej i Zak\u0142adu Oczyszczania Miasta. &nbsp; Dzia\u0142y te istnia\u0142y od momentu powstania Zak\u0142adu, czyli od roku 1969. Zakres zada\u0144 niewiele si\u0119 zmieni\u0142 i nadal nale\u017cy do nich: * zbi\u00f3r i transport nieczysto\u015bci sta\u0142ych od gospodarstw domowych i podmiot\u00f3w gospodarczych * transport [&hellip;]<\/p>\n","protected":false},"author":1,"featured_media":152,"parent":0,"menu_order":36,"comment_status":"closed","ping_status":"closed","template":"","meta":{"footnotes":""},"class_list":["post-155","page","type-page","status-publish","has-post-thumbnail","hentry","post","post-with-thumbnail","post-with-thumbnail-large"],"_links":{"self":[{"href":"https:\/\/zk-suchab.pl\/index.php\/wp-json\/wp\/v2\/pages\/155","targetHints":{"allow":["GET"]}}],"collection":[{"href":"https:\/\/zk-suchab.pl\/index.php\/wp-json\/wp\/v2\/pages"}],"about":[{"href":"https:\/\/zk-suchab.pl\/index.php\/wp-json\/wp\/v2\/types\/page"}],"author":[{"embeddable":true,"href":"https:\/\/zk-suchab.pl\/index.php\/wp-json\/wp\/v2\/users\/1"}],"replies":[{"embeddable":true,"href":"https:\/\/zk-suchab.pl\/index.php\/wp-json\/wp\/v2\/comments?post=155"}],"version-history":[{"count":1,"href":"https:\/\/zk-suchab.pl\/index.php\/wp-json\/wp\/v2\/pages\/155\/revisions"}],"predecessor-version":[{"id":838,"href":"https:\/\/zk-suchab.pl\/index.php\/wp-json\/wp\/v2\/pages\/155\/revisions\/838"}],"wp:featuredmedia":[{"embeddable":true,"href":"https:\/\/zk-suchab.pl\/index.php\/wp-json\/wp\/v2\/media\/152"}],"wp:attachment":[{"href":"https:\/\/zk-suchab.pl\/index.php\/wp-json\/wp\/v2\/media?parent=155"}],"curies":[{"name":"wp","href":"https:\/\/api.w.org\/{rel}","templated":true}]}}