{"id":160,"date":"2014-03-14T13:45:32","date_gmt":"2014-03-14T13:45:32","guid":{"rendered":"https:\/\/www.testowe.org.pl\/index.php\/badanie-jakosci-wody\/"},"modified":"2025-01-17T08:55:14","modified_gmt":"2025-01-17T08:55:14","slug":"badanie-jakosci-wody","status":"publish","type":"page","link":"https:\/\/zk-suchab.pl\/index.php\/kosze-i-pojemniki\/badanie-jakosci-wody\/","title":{"rendered":"Badanie jako\u015bci wody"},"content":{"rendered":"<p><span style=\"color: #000000; font-family: tahoma, arial, helvetica, sans-serif;\"><span style=\"font-size: 12pt;\">Laboratorium \u015bwiadczy us\u0142ugi badania wody i \u015bciek\u00f3w w pe\u0142nym zakresie, po wcze\u015bniejszym telefonicznym um\u00f3wieniu si\u0119<br \/>\nz pracownikiem laboratorium pod nr tel. 33 874 20 79 wew. 5. <\/span><\/span><\/p>\n<p><span style=\"font-size: 12pt; color: #000000;\"><span style=\"font-family: tahoma, arial, helvetica, sans-serif;\">Niezb\u0119dne druki pism s\u0105 dost\u0119pne pod klikni\u0119ciu w link:\u00a0<\/span><br \/>\n<\/span><br \/>\n<span style=\"color: #008000;\"><a style=\"color: #008000;\" href=\"https:\/\/zk-suchab.pl\/wp-content\/uploads\/2014\/03\/Zlecenie-na-badanie-wody-od-11.2021-r.-351.pdf\" target=\"_blank\" rel=\"noopener\"><span style=\"font-size: 12pt; font-family: tahoma, arial, helvetica, sans-serif;\">&#8211;\u00a0zlecenie wykonania bada\u0144<\/span><\/a><\/span><br \/>\n<span style=\"color: #008000;\"><span style=\"font-size: 12pt; font-family: tahoma, arial, helvetica, sans-serif;\">&#8211; <a style=\"color: #008000;\" href=\"http:\/\/zk-suchab.pl\/wp-content\/uploads\/2025\/01\/Instrukcja-poboru-wody-2025.pdf\" target=\"_blank\" rel=\"noopener\">instrukcja poboru wody<\/a><\/span><\/span><br \/>\n<span style=\"font-size: 12pt; color: #008000; font-family: tahoma, arial, helvetica, sans-serif;\">&#8211;\u00a0<a style=\"color: #008000;\" href=\"https:\/\/zk-suchab.pl\/wp-content\/uploads\/2014\/03\/Zgoda-na-przetwarzanie-danych-LABORATORIUM-0f7.pdf\" target=\"_blank\" rel=\"noopener\">zgoda na przetwarzanie danych osobowych<\/a><\/span><br \/>\n<span style=\"font-size: 12pt; color: #000000;\"><span style=\"color: #008000;\"><span style=\"font-family: tahoma, arial, helvetica, sans-serif;\">&#8211;\u00a0<a style=\"color: #008000;\" href=\"https:\/\/zk-suchab.pl\/wp-content\/uploads\/2014\/03\/Klauzula-informacyjna-LABORATORIUM-7b3.pdf\" target=\"_blank\" rel=\"noopener\">klauzula informacyjna<br \/>\n<\/a><\/span>&#8211; <span style=\"font-family: tahoma, arial, helvetica, sans-serif;\"><a style=\"color: #008000;\" href=\"strefa-mieszkanca\/cenniki\">cennik<\/a><\/span><\/span><a style=\"color: #000000;\" href=\"https:\/\/zk-suchab.pl\/wp-content\/uploads\/2014\/03\/Klauzula-informacyjna-LABORATORIUM-7b3.pdf\" target=\"_blank\" rel=\"noopener\"><br \/>\n<\/a><\/span><\/p>\n<p><span style=\"font-size: 12pt; color: #000000;\"><strong><span style=\"font-family: tahoma, arial, helvetica, sans-serif;\">Informujemy r\u00f3wnie\u017c, \u017ce laboratorium Zak\u0142adu Komunalnego nie posiada akredytacji ani zatwierdzonego systemu jako\u015bci wody przez PPIS, w zwi\u0105zku z czym nie przeprowadza bada\u0144 wody dla sklep\u00f3w, zak\u0142ad\u00f3w produkcyjnych i punkt\u00f3w us\u0142ugowych.<\/span><\/strong><\/span><\/p>\n<p>&nbsp;<\/p>\n<p><span style=\"text-decoration: underline; font-size: 14pt; font-family: tahoma, arial, helvetica, sans-serif;\"><span style=\"color: #003300; padding: 0cm; border: 1pt none windowtext; text-decoration: underline;\">Badania wody i \u015bciek\u00f3w.<\/span><\/span><\/p>\n<p><span style=\"font-size: 12pt; font-family: tahoma, arial, helvetica, sans-serif;\"><strong><span style=\"color: green; padding: 0cm; border: 1pt none windowtext;\">Zakres badania fizykochemicznego wody:<\/span><\/strong><\/span><\/p>\n<p><span style=\"color: #003300; font-family: tahoma, arial, helvetica, sans-serif; font-size: 12pt;\"><span style=\"color: #000000; padding: 0cm; border: 1pt none windowtext;\">Temperatura, odczyn pH, m\u0119tno\u015b\u0107, barwa, zapach, przewodno\u015b\u0107 elektryczna w\u0142a\u015bciwa, jon amonowy, <\/span><span style=\"padding: 0cm; border: 1pt none windowtext;\">azotany, <\/span><span style=\"padding: 0cm; border: 1pt none windowtext;\">azotyny, \u017celazo og\u00f3lne, mangan, glin, chlorki, siarczany, twardo\u015b\u0107, <\/span><span style=\"padding: 0cm; border: 1pt none windowtext;\">chlor wolny.<\/span><\/span><\/p>\n<p style=\"line-height: 19.5pt; background: none 0% 0% \/ auto repeat scroll padding-box border-box white; margin: 0cm 0cm 0pt;\"><span style=\"font-size: 12pt; font-family: tahoma, arial, helvetica, sans-serif;\"><strong><span style=\"color: green; padding: 0cm; border: 1pt none windowtext;\">Zakres badania mikrobiologicznego wody:<\/span><\/strong><\/span><\/p>\n<p style=\"line-height: 19.5pt; background: none 0% 0% \/ auto repeat scroll padding-box border-box white; margin: 0cm 0cm 0pt;\"><span style=\"color: #003300; font-size: 12pt; font-family: tahoma, arial, helvetica, sans-serif;\"><span style=\"color: #333333; padding: 0cm; border: 1pt none windowtext;\">Bakterie grupy coli, <span style=\"line-height: 115%; color: black; padding: 0cm; border: 1pt none windowtext;\">Escherichia coli,<\/span><i> <\/i>pa<\/span><span style=\"padding: 0cm; border: 1pt none windowtext;\">ciorkowce (enterokoki) ka\u0142owe, clostridia redukuj\u0105ce siarczyny, og\u00f3lna liczba mikroorganizm\u00f3w w<\/span><span style=\"padding: 0cm; border: 1pt none windowtext;\"> 36<sup>O<\/sup>C po 48h i w 22<sup>O<\/sup>C po 72h.<\/span><\/span><\/p>\n<p style=\"line-height: 19.5pt; background: none 0% 0% \/ auto repeat scroll padding-box border-box white; margin: 0cm 0cm 0pt;\"><span style=\"font-size: 12pt; font-family: tahoma, arial, helvetica, sans-serif;\"><strong><span style=\"color: green; padding: 0cm; border: 1pt none windowtext;\">Zakres badania fizykochemicznego \u015bciek\u00f3w:<\/span><\/strong><\/span><\/p>\n<p style=\"line-height: 19.5pt; background: none 0% 0% \/ auto repeat scroll padding-box border-box white; margin: 0cm 0cm 0pt;\"><span style=\"font-size: 12pt; color: black; padding: 0cm; border: 1pt none windowtext; font-family: tahoma, arial, helvetica, sans-serif;\">Temperatura, odczyn pH,BZT<sub>5<\/sub>,ChZT<sub>-Cr<\/sub>, zawiesina og\u00f3lna, azot amonowy, azot azotynowy, azot azotanowy, azot og\u00f3lny, fosfor og\u00f3lny, chlorki, siarczany.<\/span><\/p>\n<p><span style=\"font-family: tahoma, arial, helvetica, sans-serif; font-size: 12pt; color: #008000;\"><strong>\u00a0<\/strong><\/span><\/p>\n<p><span style=\"font-family: arial, helvetica, sans-serif; font-size: 14pt;\"><span style=\"color: #000000;\"><img loading=\"lazy\" decoding=\"async\" class=\" wp-image-157\" src=\"https:\/\/zk-suchab.pl\/wp-content\/uploads\/2014\/03\/rzeka-47e.jpg\" alt=\"rzeka\" width=\"1301\" height=\"575\" srcset=\"https:\/\/zk-suchab.pl\/wp-content\/uploads\/2014\/03\/rzeka-47e.jpg 905w, https:\/\/zk-suchab.pl\/wp-content\/uploads\/2014\/03\/rzeka-47e-300x133.jpg 300w, https:\/\/zk-suchab.pl\/wp-content\/uploads\/2014\/03\/rzeka-47e-768x339.jpg 768w\" sizes=\"auto, (max-width: 1301px) 100vw, 1301px\" \/><\/span><\/span><\/p>\n<p>&nbsp;<\/p>\n<p>&nbsp;<\/p>\n<p>&nbsp;<\/p>\n<p>&nbsp;<\/p>\n","protected":false},"excerpt":{"rendered":"<p>Laboratorium \u015bwiadczy us\u0142ugi badania wody i \u015bciek\u00f3w w pe\u0142nym zakresie, po wcze\u015bniejszym telefonicznym um\u00f3wieniu si\u0119 z pracownikiem laboratorium pod nr tel. 33 874 20 79 wew. 5. Niezb\u0119dne druki pism s\u0105 dost\u0119pne pod klikni\u0119ciu w link:\u00a0 &#8211;\u00a0zlecenie wykonania bada\u0144 &#8211; instrukcja poboru wody &#8211;\u00a0zgoda na przetwarzanie danych osobowych &#8211;\u00a0klauzula informacyjna &#8211; cennik Informujemy r\u00f3wnie\u017c, \u017ce [&hellip;]<\/p>\n","protected":false},"author":1,"featured_media":157,"parent":98,"menu_order":35,"comment_status":"closed","ping_status":"closed","template":"","meta":{"footnotes":""},"class_list":["post-160","page","type-page","status-publish","has-post-thumbnail","hentry","post","post-with-thumbnail","post-with-thumbnail-large"],"_links":{"self":[{"href":"https:\/\/zk-suchab.pl\/index.php\/wp-json\/wp\/v2\/pages\/160","targetHints":{"allow":["GET"]}}],"collection":[{"href":"https:\/\/zk-suchab.pl\/index.php\/wp-json\/wp\/v2\/pages"}],"about":[{"href":"https:\/\/zk-suchab.pl\/index.php\/wp-json\/wp\/v2\/types\/page"}],"author":[{"embeddable":true,"href":"https:\/\/zk-suchab.pl\/index.php\/wp-json\/wp\/v2\/users\/1"}],"replies":[{"embeddable":true,"href":"https:\/\/zk-suchab.pl\/index.php\/wp-json\/wp\/v2\/comments?post=160"}],"version-history":[{"count":8,"href":"https:\/\/zk-suchab.pl\/index.php\/wp-json\/wp\/v2\/pages\/160\/revisions"}],"predecessor-version":[{"id":1828,"href":"https:\/\/zk-suchab.pl\/index.php\/wp-json\/wp\/v2\/pages\/160\/revisions\/1828"}],"up":[{"embeddable":true,"href":"https:\/\/zk-suchab.pl\/index.php\/wp-json\/wp\/v2\/pages\/98"}],"wp:featuredmedia":[{"embeddable":true,"href":"https:\/\/zk-suchab.pl\/index.php\/wp-json\/wp\/v2\/media\/157"}],"wp:attachment":[{"href":"https:\/\/zk-suchab.pl\/index.php\/wp-json\/wp\/v2\/media?parent=160"}],"curies":[{"name":"wp","href":"https:\/\/api.w.org\/{rel}","templated":true}]}}