{"id":203,"date":"2014-03-20T13:18:05","date_gmt":"2014-03-20T13:18:05","guid":{"rendered":"https:\/\/www.testowe.org.pl\/index.php\/ukladanie-kostki\/"},"modified":"2014-03-20T13:18:05","modified_gmt":"2014-03-20T13:18:05","slug":"ukladanie-kostki","status":"publish","type":"page","link":"https:\/\/zk-suchab.pl\/index.php\/ukladanie-kostki\/","title":{"rendered":"Uk\u0142adanie kostki"},"content":{"rendered":"<p><span style=\"font-size: 12pt; font-family: 'arial', 'helvetica', sans-serif;\"><strong><span style=\"color: #000000;\">Kompleksowe wykonywanie chodnik\u00f3w, parking\u00f3w, plac\u00f3w itp. z kostki brukowej wraz z podbudow\u0105.<\/span><\/strong><\/span><\/p>\n<p><span style=\"font-size: 12pt; font-family: 'arial', 'helvetica', sans-serif;\"><strong><span style=\"color: #000000;\">Poni\u017cej niekt\u00f3re z naszych realizacji. &nbsp;Kontakt w sprawie us\u0142ug &#8211; &nbsp;<\/span><span style=\"color: #000000;\"><span style=\"color: #008000;\"><a href=\"kzksb\/uslugi-komunalne\"><span style=\"color: #008000;\">kliknij tutaj<\/span><\/a>&nbsp;<\/span><\/span><\/strong><\/span><\/p>\n<p><span style=\"font-size: 12pt; font-family: 'arial black', 'avant garde';\"><img loading=\"lazy\" decoding=\"async\" class=\" size-full wp-image-197\" src=\"https:\/\/zk-suchab.pl\/wp-content\/uploads\/2014\/03\/6-2ab.jpg\" alt=\"6\" width=\"450\" height=\"600\" srcset=\"https:\/\/zk-suchab.pl\/wp-content\/uploads\/2014\/03\/6-2ab.jpg 450w, https:\/\/zk-suchab.pl\/wp-content\/uploads\/2014\/03\/6-2ab-225x300.jpg 225w\" sizes=\"auto, (max-width: 450px) 100vw, 450px\" \/>&nbsp;&nbsp;<img loading=\"lazy\" decoding=\"async\" class=\" size-full wp-image-198\" src=\"https:\/\/zk-suchab.pl\/wp-content\/uploads\/2014\/03\/3-e25.jpg\" alt=\"3\" width=\"450\" height=\"600\" srcset=\"https:\/\/zk-suchab.pl\/wp-content\/uploads\/2014\/03\/3-e25.jpg 450w, https:\/\/zk-suchab.pl\/wp-content\/uploads\/2014\/03\/3-e25-225x300.jpg 225w\" sizes=\"auto, (max-width: 450px) 100vw, 450px\" \/><\/span><\/p>\n<p><span style=\"font-size: 12pt; font-family: 'arial black', 'avant garde';\"><img loading=\"lazy\" decoding=\"async\" class=\" size-full wp-image-199\" src=\"https:\/\/zk-suchab.pl\/wp-content\/uploads\/2014\/03\/1-989.jpg\" alt=\"1\" width=\"449\" height=\"337\" srcset=\"https:\/\/zk-suchab.pl\/wp-content\/uploads\/2014\/03\/1-989.jpg 800w, https:\/\/zk-suchab.pl\/wp-content\/uploads\/2014\/03\/1-989-300x225.jpg 300w, https:\/\/zk-suchab.pl\/wp-content\/uploads\/2014\/03\/1-989-768x576.jpg 768w\" sizes=\"auto, (max-width: 449px) 100vw, 449px\" \/>&nbsp;&nbsp;<img loading=\"lazy\" decoding=\"async\" class=\" size-full wp-image-200\" src=\"https:\/\/zk-suchab.pl\/wp-content\/uploads\/2014\/03\/2-df3.jpg\" alt=\"2\" width=\"448\" height=\"336\" srcset=\"https:\/\/zk-suchab.pl\/wp-content\/uploads\/2014\/03\/2-df3.jpg 800w, https:\/\/zk-suchab.pl\/wp-content\/uploads\/2014\/03\/2-df3-300x225.jpg 300w, https:\/\/zk-suchab.pl\/wp-content\/uploads\/2014\/03\/2-df3-768x576.jpg 768w\" sizes=\"auto, (max-width: 448px) 100vw, 448px\" \/><\/span><\/p>\n<p><span style=\"font-size: 12pt; font-family: 'arial black', 'avant garde';\"><img loading=\"lazy\" decoding=\"async\" class=\" size-full wp-image-201\" src=\"https:\/\/zk-suchab.pl\/wp-content\/uploads\/2014\/03\/5-6d1.jpg\" alt=\"5\" width=\"450\" height=\"600\" srcset=\"https:\/\/zk-suchab.pl\/wp-content\/uploads\/2014\/03\/5-6d1.jpg 450w, https:\/\/zk-suchab.pl\/wp-content\/uploads\/2014\/03\/5-6d1-225x300.jpg 225w\" sizes=\"auto, (max-width: 450px) 100vw, 450px\" \/>&nbsp;&nbsp;<img loading=\"lazy\" decoding=\"async\" class=\" size-full wp-image-202\" src=\"https:\/\/zk-suchab.pl\/wp-content\/uploads\/2014\/03\/7-17d.jpg\" alt=\"7\" width=\"446\" height=\"599\" \/><\/span><\/p>\n<p><span style=\"font-size: 12pt; font-family: 'arial black', 'avant garde';\"><br \/><\/span><span style=\"font-size: 12pt; font-family: 'arial black', 'avant garde';\"><\/span><\/p>\n","protected":false},"excerpt":{"rendered":"<p>Kompleksowe wykonywanie chodnik\u00f3w, parking\u00f3w, plac\u00f3w itp. z kostki brukowej wraz z podbudow\u0105. Poni\u017cej niekt\u00f3re z naszych realizacji. &nbsp;Kontakt w sprawie us\u0142ug &#8211; &nbsp;kliknij tutaj&nbsp; &nbsp;&nbsp; &nbsp;&nbsp; &nbsp;&nbsp;<\/p>\n","protected":false},"author":1,"featured_media":197,"parent":0,"menu_order":28,"comment_status":"closed","ping_status":"closed","template":"","meta":{"footnotes":""},"class_list":["post-203","page","type-page","status-publish","has-post-thumbnail","hentry","post","post-with-thumbnail","post-with-thumbnail-large"],"_links":{"self":[{"href":"https:\/\/zk-suchab.pl\/index.php\/wp-json\/wp\/v2\/pages\/203","targetHints":{"allow":["GET"]}}],"collection":[{"href":"https:\/\/zk-suchab.pl\/index.php\/wp-json\/wp\/v2\/pages"}],"about":[{"href":"https:\/\/zk-suchab.pl\/index.php\/wp-json\/wp\/v2\/types\/page"}],"author":[{"embeddable":true,"href":"https:\/\/zk-suchab.pl\/index.php\/wp-json\/wp\/v2\/users\/1"}],"replies":[{"embeddable":true,"href":"https:\/\/zk-suchab.pl\/index.php\/wp-json\/wp\/v2\/comments?post=203"}],"version-history":[{"count":0,"href":"https:\/\/zk-suchab.pl\/index.php\/wp-json\/wp\/v2\/pages\/203\/revisions"}],"wp:featuredmedia":[{"embeddable":true,"href":"https:\/\/zk-suchab.pl\/index.php\/wp-json\/wp\/v2\/media\/197"}],"wp:attachment":[{"href":"https:\/\/zk-suchab.pl\/index.php\/wp-json\/wp\/v2\/media?parent=203"}],"curies":[{"name":"wp","href":"https:\/\/api.w.org\/{rel}","templated":true}]}}