{"id":807,"date":"2021-04-16T11:43:39","date_gmt":"2021-04-16T11:43:39","guid":{"rendered":"https:\/\/www.testowe.org.pl\/index.php\/suszek-beskidzki\/"},"modified":"2024-12-31T06:46:40","modified_gmt":"2024-12-31T06:46:40","slug":"suszek-beskidzki","status":"publish","type":"page","link":"https:\/\/zk-suchab.pl\/index.php\/suszek-beskidzki\/","title":{"rendered":"Suszek Beskidzki"},"content":{"rendered":"<p><span style=\"font-family: tahoma, arial, helvetica, sans-serif; font-size: 12pt; color: #000000;\">Zak\u0142ad Komunalny w Suchej Beskidzkiej rozpocz\u0105\u0142 produkcj\u0119 \u015brodka poprawiaj\u0105cego w\u0142a\u015bciwo\u015bci gleby pn. \u201eSuszek Beskidzki\u201d z odwodnionego osadu \u015bciekowego. Suszek Beskidzki jest organiczno-mineralnym \u015brodkiem poprawiaj\u0105cym w\u0142a\u015bciwo\u015bci gleby, zawieraj\u0105cym azot, fosfor oraz wap\u0144. W 1 tonie produktu zawiera si\u0119\u00a0<\/span><span style=\"font-family: tahoma, arial, helvetica, sans-serif; font-size: 12pt; color: #000000;\">co najmniej 5 kg azotu (N), 2 kg fosforu (P2O5), 210 kg tlenku wapnia (CaO) oraz substancja organiczna. Produkt przeszed\u0142 pozytywnie kolejne etapy wymaganych bada\u0144, co pozwoli\u0142o na uzyskanie Decyzji Ministerstwa Rolnictwa i Rozwoju Wsi zezwalaj\u0105cej na wprowadzenie produkowanego \u015brodka do obrotu. <\/span><\/p>\n<p><strong><span style=\"font-family: tahoma, arial, helvetica, sans-serif; font-size: 12pt; color: #000000;\">Zgodnie z ww. decyzj\u0105, produkt mo\u017ce by\u0107 stosowany:<\/span><\/strong><\/p>\n<p><strong><span style=\"font-family: tahoma, arial, helvetica, sans-serif; font-size: 12pt; color: #000000;\">&#8211; w sadownictwie<\/span><\/strong><\/p>\n<p><strong><span style=\"font-family: tahoma, arial, helvetica, sans-serif; font-size: 12pt; color: #000000;\">&#8211; w uprawie warzyw<\/span><\/strong><\/p>\n<p><strong><span style=\"font-family: tahoma, arial, helvetica, sans-serif; font-size: 12pt; color: #000000;\">&#8211; w uprawie ro\u015blin ozdobnych i na trawniki<\/span><\/strong><\/p>\n<p><strong><span style=\"font-family: tahoma, arial, helvetica, sans-serif; font-size: 12pt; color: #000000;\">&#8211; w uprawach polowych ro\u015blin rolniczych<\/span><\/strong><\/p>\n<p><strong><span style=\"font-family: tahoma, arial, helvetica, sans-serif; font-size: 12pt; color: #000000;\">&#8211; na u\u017cytkach zielonych<\/span><\/strong><\/p>\n<p><strong><span style=\"font-family: tahoma, arial, helvetica, sans-serif; font-size: 12pt; color: #000000;\">&#8211; do rekultywacji grunt\u00f3w zdegradowanych; przeznaczonych pod zalesienia<\/span><\/strong><\/p>\n<p><span style=\"font-family: tahoma, arial, helvetica, sans-serif; font-size: 12pt; color: #000000;\">Szczeg\u00f3\u0142y stosowania i przechowywania \u015brodka poprawiaj\u0105cego w\u0142a\u015bciwo\u015bci gleby zawarte\u00a0<\/span><span style=\"font-family: tahoma, arial, helvetica, sans-serif; font-size: 12pt; color: #000000;\">s\u0105 w instrukcji.<\/span><\/p>\n<p><span style=\"color: #000000;\"><strong><span style=\"font-family: tahoma, arial, helvetica, sans-serif; font-size: 12pt;\">Pliki do pobrania:<\/span><\/strong><\/span><\/p>\n<p><span style=\"font-family: tahoma, arial, helvetica, sans-serif; font-size: 14pt; color: #000000;\">Decyzja\u00a0<span style=\"font-family: tahoma, arial, helvetica, sans-serif; color: #000000;\">Ministerstwa Rolnictwa i Rozwoju Wsi<\/span> &#8211; <span style=\"color: #0000ff;\"><a style=\"color: #0000ff;\" href=\"https:\/\/zk-suchab.pl\/wp-content\/uploads\/2014\/03\/Decyzja-nr-G-1028.21-d9a.pdf\" target=\"_blank\" rel=\"noopener\">pobierz<\/a><\/span><\/span><br \/>\n<span style=\"font-family: tahoma, arial, helvetica, sans-serif; font-size: 14pt; color: #000000;\">Instrukcja stosowania i przechowywania &#8211; <span style=\"color: #0000ff;\"><a style=\"color: #0000ff;\" href=\"https:\/\/zk-suchab.pl\/wp-content\/uploads\/2014\/03\/Instrukcja-stosowania-Suszek-Beskidzki-8e8.pdf\" target=\"_blank\" rel=\"noopener\">pobierz<\/a><\/span><\/span><\/p>\n<p>&nbsp;<\/p>\n<p style=\"text-align: justify;\"><strong><span style=\"font-family: tahoma, arial, helvetica, sans-serif; font-size: 14pt; color: #000000;\">Protoko\u0142em nr 1\/2023 z\u00a0<span style=\"font-family: tahoma, arial, helvetica, sans-serif; font-size: 14pt; color: #000000;\">23 sierpnia 2023 roku\u00a0<\/span><span style=\"font-family: tahoma, arial, helvetica, sans-serif; font-size: 14pt; color: #000000;\">zako\u0144czy\u0142a si\u0119 kontrola &#8222;Suszka Beskidzkiego&#8221; prowadzona przez Wojew\u00f3dzki Inspektorat Ochrony Ro\u015blin i Nasiennictwa w Krakowie.<\/span> Analiza parametr\u00f3w biologicznych i fizyko-chemicznych, wykonana na podstawie przeprowadzonych bada\u0144, potwierdzi\u0142a utrzymanie parametr\u00f3w wymaga\u0144 jako\u015bciowych dla organiczno-mineralnego \u015brodka poprawiaj\u0105cego w\u0142a\u015bciwo\u015bci gleby pn. &#8222;Suszek Beskidzki&#8221; okre\u015blonych w Decyzji nr G-1028\/21 wydanej przez Ministra Rolnictwa i Rozwoju Wsi.<\/span><\/strong><\/p>\n<p><span style=\"text-decoration: underline;\"><span style=\"font-size: 14pt; color: #000000; font-family: tahoma, arial, helvetica, sans-serif; text-decoration: underline;\"><br \/>\nSprawozdania z bada\u0144 przeprowadzonych podczas kontroli:<\/span><\/span><\/p>\n<p><span style=\"font-size: 14pt; color: #000000; font-family: tahoma, arial, helvetica, sans-serif;\">Sprawozdanie nr NK\/68\/1-1\/2023 &#8211; <strong><span style=\"background-color: #ffffff; color: #ff0000;\"><a style=\"color: #ff0000; background-color: #ffffff;\" href=\"https:\/\/zk-suchab.pl\/wp-content\/uploads\/2021\/04\/SKAN-SUSZEK-2-1ce-scaled.jpg\" target=\"_blank\" rel=\"noopener\">pobierz<\/a><\/span><\/strong><\/span><\/p>\n<p><span style=\"font-size: 14pt; color: #000000; font-family: tahoma, arial, helvetica, sans-serif;\">Sprawozdanie nr IX\/3\/2023 &#8211; <strong><span style=\"background-color: #ffffff; color: #ff0000;\"><a style=\"color: #ff0000; background-color: #ffffff;\" href=\"https:\/\/zk-suchab.pl\/wp-content\/uploads\/2021\/04\/SKAN-SUSZEK-1-5b4.jpg\" target=\"_blank\" rel=\"noopener\">pobierz<\/a><\/span><\/strong><\/span><\/p>\n<p><span style=\"color: #000000; font-size: 14pt;\"><strong>Cena do uzgodnienia.<\/strong><\/span><\/p>\n<p><span style=\"font-size: 14pt;\"><strong><span style=\"font-family: tahoma, arial, helvetica, sans-serif; color: #008000;\"><br \/>\n<\/span><\/strong><\/span><img loading=\"lazy\" decoding=\"async\" class=\" size-full wp-image-41\" src=\"https:\/\/zk-suchab.pl\/wp-content\/uploads\/2014\/03\/Suszek-e92.jpg\" alt=\"Suszek\" width=\"861\" height=\"683\" srcset=\"https:\/\/zk-suchab.pl\/wp-content\/uploads\/2014\/03\/Suszek-e92.jpg 1000w, https:\/\/zk-suchab.pl\/wp-content\/uploads\/2014\/03\/Suszek-e92-300x238.jpg 300w, https:\/\/zk-suchab.pl\/wp-content\/uploads\/2014\/03\/Suszek-e92-768x609.jpg 768w\" sizes=\"auto, (max-width: 861px) 100vw, 861px\" \/><\/p>\n<p>&nbsp;<\/p>\n","protected":false},"excerpt":{"rendered":"<p>Zak\u0142ad Komunalny w Suchej Beskidzkiej rozpocz\u0105\u0142 produkcj\u0119 \u015brodka poprawiaj\u0105cego w\u0142a\u015bciwo\u015bci gleby pn. \u201eSuszek Beskidzki\u201d z odwodnionego osadu \u015bciekowego. Suszek Beskidzki jest organiczno-mineralnym \u015brodkiem poprawiaj\u0105cym w\u0142a\u015bciwo\u015bci gleby, zawieraj\u0105cym azot, fosfor oraz wap\u0144. W 1 tonie produktu zawiera si\u0119\u00a0co najmniej 5 kg azotu (N), 2 kg fosforu (P2O5), 210 kg tlenku wapnia (CaO) oraz substancja organiczna. Produkt [&hellip;]<\/p>\n","protected":false},"author":1,"featured_media":41,"parent":0,"menu_order":1,"comment_status":"closed","ping_status":"closed","template":"","meta":{"footnotes":""},"class_list":["post-807","page","type-page","status-publish","has-post-thumbnail","hentry","post","post-with-thumbnail","post-with-thumbnail-large"],"_links":{"self":[{"href":"https:\/\/zk-suchab.pl\/index.php\/wp-json\/wp\/v2\/pages\/807","targetHints":{"allow":["GET"]}}],"collection":[{"href":"https:\/\/zk-suchab.pl\/index.php\/wp-json\/wp\/v2\/pages"}],"about":[{"href":"https:\/\/zk-suchab.pl\/index.php\/wp-json\/wp\/v2\/types\/page"}],"author":[{"embeddable":true,"href":"https:\/\/zk-suchab.pl\/index.php\/wp-json\/wp\/v2\/users\/1"}],"replies":[{"embeddable":true,"href":"https:\/\/zk-suchab.pl\/index.php\/wp-json\/wp\/v2\/comments?post=807"}],"version-history":[{"count":4,"href":"https:\/\/zk-suchab.pl\/index.php\/wp-json\/wp\/v2\/pages\/807\/revisions"}],"predecessor-version":[{"id":1792,"href":"https:\/\/zk-suchab.pl\/index.php\/wp-json\/wp\/v2\/pages\/807\/revisions\/1792"}],"wp:featuredmedia":[{"embeddable":true,"href":"https:\/\/zk-suchab.pl\/index.php\/wp-json\/wp\/v2\/media\/41"}],"wp:attachment":[{"href":"https:\/\/zk-suchab.pl\/index.php\/wp-json\/wp\/v2\/media?parent=807"}],"curies":[{"name":"wp","href":"https:\/\/api.w.org\/{rel}","templated":true}]}}

<p><span style="font-family: tahoma, arial, helvetica, sans-serif; font-size: 12pt; color: #000000;">Zakład Komunalny w Suchej Beskidzkiej rozpoczął produkcję środka poprawiającego właściwości gleby pn. „Suszek Beskidzki” z odwodnionego osadu ściekowego. Suszek Beskidzki jest organiczno-mineralnym środkiem poprawiającym właściwości gleby, zawierającym azot, fosfor oraz wapń. W 1 tonie produktu zawiera się </span><span style="font-family: tahoma, arial, helvetica, sans-serif; font-size: 12pt; color: #000000;">co najmniej 5 kg azotu (N), 2 kg fosforu (P2O5), 210 kg tlenku wapnia (CaO) oraz substancja organiczna. Produkt przeszedł pozytywnie kolejne etapy wymaganych badań, co pozwoliło na uzyskanie Decyzji Ministerstwa Rolnictwa i Rozwoju Wsi zezwalającej na wprowadzenie produkowanego środka do obrotu. </span></p>
<p><strong><span style="font-family: tahoma, arial, helvetica, sans-serif; font-size: 12pt; color: #000000;">Zgodnie z ww. decyzją, produkt może być stosowany:</span></strong></p>
<p><strong><span style="font-family: tahoma, arial, helvetica, sans-serif; font-size: 12pt; color: #000000;">&#8211; w sadownictwie</span></strong></p>
<p><strong><span style="font-family: tahoma, arial, helvetica, sans-serif; font-size: 12pt; color: #000000;">&#8211; w uprawie warzyw</span></strong></p>
<p><strong><span style="font-family: tahoma, arial, helvetica, sans-serif; font-size: 12pt; color: #000000;">&#8211; w uprawie roślin ozdobnych i na trawniki</span></strong></p>
<p><strong><span style="font-family: tahoma, arial, helvetica, sans-serif; font-size: 12pt; color: #000000;">&#8211; w uprawach polowych roślin rolniczych</span></strong></p>
<p><strong><span style="font-family: tahoma, arial, helvetica, sans-serif; font-size: 12pt; color: #000000;">&#8211; na użytkach zielonych</span></strong></p>
<p><strong><span style="font-family: tahoma, arial, helvetica, sans-serif; font-size: 12pt; color: #000000;">&#8211; do rekultywacji gruntów zdegradowanych; przeznaczonych pod zalesienia</span></strong></p>
<p><span style="font-family: tahoma, arial, helvetica, sans-serif; font-size: 12pt; color: #000000;">Szczegóły stosowania i przechowywania środka poprawiającego właściwości gleby zawarte </span><span style="font-family: tahoma, arial, helvetica, sans-serif; font-size: 12pt; color: #000000;">są w instrukcji.</span></p>
<p><span style="color: #000000;"><strong><span style="font-family: tahoma, arial, helvetica, sans-serif; font-size: 12pt;">Pliki do pobrania:</span></strong></span></p>
<p><span style="font-family: tahoma, arial, helvetica, sans-serif; font-size: 14pt; color: #000000;">Decyzja <span style="font-family: tahoma, arial, helvetica, sans-serif; color: #000000;">Ministerstwa Rolnictwa i Rozwoju Wsi</span> &#8211; <span style="color: #0000ff;"><a style="color: #0000ff;" href="https://zk-suchab.pl/wp-content/uploads/2014/03/Decyzja-nr-G-1028.21-d9a.pdf" target="_blank" rel="noopener">pobierz</a></span></span><br />
<span style="font-family: tahoma, arial, helvetica, sans-serif; font-size: 14pt; color: #000000;">Instrukcja stosowania i przechowywania &#8211; <span style="color: #0000ff;"><a style="color: #0000ff;" href="https://zk-suchab.pl/wp-content/uploads/2014/03/Instrukcja-stosowania-Suszek-Beskidzki-8e8.pdf" target="_blank" rel="noopener">pobierz</a></span></span></p>
<p>&nbsp;</p>
<p style="text-align: justify;"><strong><span style="font-family: tahoma, arial, helvetica, sans-serif; font-size: 14pt; color: #000000;">Protokołem nr 1/2023 z <span style="font-family: tahoma, arial, helvetica, sans-serif; font-size: 14pt; color: #000000;">23 sierpnia 2023 roku </span><span style="font-family: tahoma, arial, helvetica, sans-serif; font-size: 14pt; color: #000000;">zakończyła się kontrola &#8222;Suszka Beskidzkiego&#8221; prowadzona przez Wojewódzki Inspektorat Ochrony Roślin i Nasiennictwa w Krakowie.</span> Analiza parametrów biologicznych i fizyko-chemicznych, wykonana na podstawie przeprowadzonych badań, potwierdziła utrzymanie parametrów wymagań jakościowych dla organiczno-mineralnego środka poprawiającego właściwości gleby pn. &#8222;Suszek Beskidzki&#8221; określonych w Decyzji nr G-1028/21 wydanej przez Ministra Rolnictwa i Rozwoju Wsi.</span></strong></p>
<p><span style="text-decoration: underline;"><span style="font-size: 14pt; color: #000000; font-family: tahoma, arial, helvetica, sans-serif; text-decoration: underline;"><br />
Sprawozdania z badań przeprowadzonych podczas kontroli:</span></span></p>
<p><span style="font-size: 14pt; color: #000000; font-family: tahoma, arial, helvetica, sans-serif;">Sprawozdanie nr NK/68/1-1/2023 &#8211; <strong><span style="background-color: #ffffff; color: #ff0000;"><a style="color: #ff0000; background-color: #ffffff;" href="https://zk-suchab.pl/wp-content/uploads/2021/04/SKAN-SUSZEK-2-1ce-scaled.jpg" target="_blank" rel="noopener">pobierz</a></span></strong></span></p>
<p><span style="font-size: 14pt; color: #000000; font-family: tahoma, arial, helvetica, sans-serif;">Sprawozdanie nr IX/3/2023 &#8211; <strong><span style="background-color: #ffffff; color: #ff0000;"><a style="color: #ff0000; background-color: #ffffff;" href="https://zk-suchab.pl/wp-content/uploads/2021/04/SKAN-SUSZEK-1-5b4.jpg" target="_blank" rel="noopener">pobierz</a></span></strong></span></p>
<p><span style="color: #000000; font-size: 14pt;"><strong>Cena do uzgodnienia.</strong></span></p>
<p><span style="font-size: 14pt;"><strong><span style="font-family: tahoma, arial, helvetica, sans-serif; color: #008000;"><br />
</span></strong></span><img loading="lazy" decoding="async" class=" size-full wp-image-41" src="https://zk-suchab.pl/wp-content/uploads/2014/03/Suszek-e92.jpg" alt="Suszek" width="861" height="683" srcset="https://zk-suchab.pl/wp-content/uploads/2014/03/Suszek-e92.jpg 1000w, https://zk-suchab.pl/wp-content/uploads/2014/03/Suszek-e92-300x238.jpg 300w, https://zk-suchab.pl/wp-content/uploads/2014/03/Suszek-e92-768x609.jpg 768w" sizes="auto, (max-width: 861px) 100vw, 861px" /></p>
<p>&nbsp;</p>

<p>Zakład Komunalny w Suchej Beskidzkiej rozpoczął produkcję środka poprawiającego właściwości gleby pn. „Suszek Beskidzki” z odwodnionego osadu ściekowego. Suszek Beskidzki jest organiczno-mineralnym środkiem poprawiającym właściwości gleby, zawierającym azot, fosfor oraz wapń. W 1 tonie produktu zawiera się co najmniej 5 kg azotu (N), 2 kg fosforu (P2O5), 210 kg tlenku wapnia (CaO) oraz substancja organiczna. Produkt [&hellip;]</p>
