{"id":98,"date":"2014-03-13T12:10:00","date_gmt":"2014-03-13T12:10:00","guid":{"rendered":"https:\/\/www.testowe.org.pl\/index.php\/kosze-i-pojemniki\/"},"modified":"2024-05-08T17:46:35","modified_gmt":"2024-05-08T17:46:35","slug":"kosze-i-pojemniki","status":"publish","type":"page","link":"https:\/\/zk-suchab.pl\/index.php\/kosze-i-pojemniki\/","title":{"rendered":"Kosze i pojemniki"},"content":{"rendered":"<p><span style=\"font-size: 12pt;\">&nbsp;<strong>Pojemniki plastikowe 120L, 240L, 1100L na odpady<\/strong>&nbsp; &nbsp; &nbsp; &nbsp; &nbsp; &nbsp; &nbsp; &nbsp; &nbsp; &nbsp; &nbsp; &nbsp; &nbsp; &nbsp; &nbsp; &nbsp; &nbsp; &nbsp;<span style=\"text-decoration: underline;\"><span style=\"color: #008000; text-decoration: underline;\"><strong><a href=\"strefa-mieszkanca\/cenniki\"><span style=\"color: #008000; text-decoration: underline;\">Przejd\u017a do cennika<\/span><\/a>&nbsp;<\/strong><\/span><\/span> &nbsp;<\/span><\/p>\n<p><strong>&nbsp; &nbsp; &nbsp; &nbsp; &nbsp; &nbsp;&nbsp; &nbsp;&nbsp;<img loading=\"lazy\" decoding=\"async\" class=\" size-full wp-image-96\" src=\"https:\/\/zk-suchab.pl\/wp-content\/uploads\/2014\/03\/i-ogrodosfera-2-kolowy-pojemnik-na-odpady-120l-eko-ekosmgb120-5f3.jpg\" alt=\"i-ogrodosfera-2-kolowy-pojemnik-na-odpady-120l-eko-ekosmgb120\" width=\"270\" height=\"368\" srcset=\"https:\/\/zk-suchab.pl\/wp-content\/uploads\/2014\/03\/i-ogrodosfera-2-kolowy-pojemnik-na-odpady-120l-eko-ekosmgb120-5f3.jpg 300w, https:\/\/zk-suchab.pl\/wp-content\/uploads\/2014\/03\/i-ogrodosfera-2-kolowy-pojemnik-na-odpady-120l-eko-ekosmgb120-5f3-221x300.jpg 221w\" sizes=\"auto, (max-width: 270px) 100vw, 270px\" \/><\/strong><\/p>\n<p><strong><span style=\"font-size: 12pt;\">Pojemniki metalowe 110L na popi\u00f3\u0142<\/span><\/strong><\/p>\n<p><strong><img loading=\"lazy\" decoding=\"async\" class=\" size-full wp-image-97\" src=\"https:\/\/zk-suchab.pl\/wp-content\/uploads\/2014\/03\/pojemnik110-a14.jpg\" alt=\"pojemnik110\" width=\"399\" height=\"399\" srcset=\"https:\/\/zk-suchab.pl\/wp-content\/uploads\/2014\/03\/pojemnik110-a14.jpg 600w, https:\/\/zk-suchab.pl\/wp-content\/uploads\/2014\/03\/pojemnik110-a14-300x300.jpg 300w, https:\/\/zk-suchab.pl\/wp-content\/uploads\/2014\/03\/pojemnik110-a14-150x150.jpg 150w\" sizes=\"auto, (max-width: 399px) 100vw, 399px\" \/><\/strong><\/p>\n<p>&nbsp;<\/p>\n<p>&nbsp;<\/p>\n","protected":false},"excerpt":{"rendered":"<p>&nbsp;Pojemniki plastikowe 120L, 240L, 1100L na odpady&nbsp; &nbsp; &nbsp; &nbsp; &nbsp; &nbsp; &nbsp; &nbsp; &nbsp; &nbsp; &nbsp; &nbsp; &nbsp; &nbsp; &nbsp; &nbsp; &nbsp; &nbsp;Przejd\u017a do cennika&nbsp; &nbsp; &nbsp; &nbsp; &nbsp; &nbsp; &nbsp; &nbsp;&nbsp; &nbsp;&nbsp; Pojemniki metalowe 110L na popi\u00f3\u0142 &nbsp; &nbsp;<\/p>\n","protected":false},"author":1,"featured_media":96,"parent":0,"menu_order":48,"comment_status":"closed","ping_status":"closed","template":"","meta":{"footnotes":""},"class_list":["post-98","page","type-page","status-publish","has-post-thumbnail","hentry","post","post-with-thumbnail","post-with-thumbnail-large"],"_links":{"self":[{"href":"https:\/\/zk-suchab.pl\/index.php\/wp-json\/wp\/v2\/pages\/98","targetHints":{"allow":["GET"]}}],"collection":[{"href":"https:\/\/zk-suchab.pl\/index.php\/wp-json\/wp\/v2\/pages"}],"about":[{"href":"https:\/\/zk-suchab.pl\/index.php\/wp-json\/wp\/v2\/types\/page"}],"author":[{"embeddable":true,"href":"https:\/\/zk-suchab.pl\/index.php\/wp-json\/wp\/v2\/users\/1"}],"replies":[{"embeddable":true,"href":"https:\/\/zk-suchab.pl\/index.php\/wp-json\/wp\/v2\/comments?post=98"}],"version-history":[{"count":1,"href":"https:\/\/zk-suchab.pl\/index.php\/wp-json\/wp\/v2\/pages\/98\/revisions"}],"predecessor-version":[{"id":822,"href":"https:\/\/zk-suchab.pl\/index.php\/wp-json\/wp\/v2\/pages\/98\/revisions\/822"}],"wp:featuredmedia":[{"embeddable":true,"href":"https:\/\/zk-suchab.pl\/index.php\/wp-json\/wp\/v2\/media\/96"}],"wp:attachment":[{"href":"https:\/\/zk-suchab.pl\/index.php\/wp-json\/wp\/v2\/media?parent=98"}],"curies":[{"name":"wp","href":"https:\/\/api.w.org\/{rel}","templated":true}]}}